 6.
5
Suppose -32*u + 28*u + 160 = 0. Calculate the remainder when 119 is divided by u.
39
Suppose -4*c = -0*c + n - 429, 0 = -3*c - 2*n + 328. What is the remainder when c is divided by 55?
51
What is the remainder when 54 is divided by (-1)/((-10)/(-11) - 1)?
10
Let o(w) = w - 10. Let i be o(6). Let k = i - -4. Suppose -2*u - 4 + 28 = k. What is the remainder when u is divided by 7?
5
Let r be (11 + -1)*(-2)/5. Let b = -4 + -3. Let p = r - b. Calculate the remainder when p is divided by 2.
1
Calculate the remainder when 85 is divided by 1/((26/44)/13).
19
Let z be 3/(-2 + -1) - -4. Suppose -y + 3 = -z. What is the remainder when (-2)/5 - (-57)/5 is divided by y?
5
Let m(n) = n**2 - n + 31. Let x be 1 + (-1 - 0)/1. What is the remainder when m(x) is divided by (-344)/(-20) + (-1)/5?
14
Let f = 380 + -180. Suppose y = -3*o + 11 + 5, 0 = -5*o - y + 28. Suppose -f = 2*c - o*c. Calculate the remainder when c is divided by 17.
16
Let d(r) be the second derivative of 2*r - 1/3*r**3 - 1/2*r**2 + 0. What is the remainder when 20 is divided by d(-6)?
9
Suppose -2 = -0*u - 2*u. Calculate the remainder when 4 is divided by u.
0
Suppose -5 + 2 = -o. Calculate the remainder when o is divided by 1.
0
Let r be 80/4*(-1)/(-2). Suppose -r = -y + 2. Suppose 2*h - h = 22. What is the remainder when h is divided by y?
10
Let z = 113 - 71. Let v(h) = 2*h**2 - 16*h + 15. What is the remainder when z is divided by v(8)?
12
Suppose 0*z - 5*z + 45 = 0. Suppose -7*n + 4*n = -z. Calculate the remainder when 5 is divided by n.
2
Suppose 3*i - 260 = i. Suppose 5*q + 0*q - i = 0. Calculate the remainder when 103 is divided by q.
25
Suppose 2*s + s - 24 = 4*z, -4*z + 8 = 5*s. Let q(k) = 2*k**2 - 5*k + 5. Suppose 4*b - 245 - 19 = 0. Calculate the remainder when b is divided by q(s).
15
Suppose -3*t + 447 = 3*w, 0 = -0*t + 4*t - 5*w - 596. Calculate the remainder when t is divided by 25.
24
Let w(l) = l + 5. Let z be w(-2). Suppose z*f = 2*f + 17. Calculate the remainder when 48 is divided by f.
14
Let d = -157 + 242. Suppose -x = -s + 5*s - 105, 4*s = 3*x + d. What is the remainder when s is divided by 14?
11
Suppose 0*t = 3*o - 2*t - 45, -o + 2 = -5*t. Let g = 90 - o. What is the remainder when g is divided by 19?
16
Let u = 6 + 5. What is the remainder when u is divided by (-1)/(2 - 28/12)?
2
Let b(n) = n + 4. Suppose -o + 3 + 18 = 0. Calculate the remainder when o is divided by b(4).
5
Let j(m) = -7*m**2 - 45*m + 4. Let p = 53 - -32. What is the remainder when p is divided by j(-6)?
19
Let w(g) = 28*g - 2. Calculate the remainder when w(3) is divided by 17.
14
Let j(i) = -i**3 + 7*i**2 - 4*i - 2. Calculate the remainder when 88 is divided by j(4).
28
Suppose 5*y = -5, -5*y + 31 = 5*m - 3*m. Suppose -6 = -0*n - 3*n, -4*k + 5*n = m. Let u = k + 9. Calculate the remainder when 12 is divided by u.
5
Let n(w) = w + 11. Let c = -22 - -32. What is the remainder when n(8) is divided by c?
9
Let l(o) = 3*o**3 - 14*o**2 + 2*o + 5. Let a(f) = -5*f**3 + 27*f**2 - 4*f - 11. Let u(n) = 4*a(n) + 7*l(n). What is the remainder when 32 is divided by u(-10)?
10
Let b(s) = -s**2 + 7*s + 7. Suppose 5*r - 10 = 3*r. Suppose 2*i + 2*i - 40 = 0. Calculate the remainder when b(r) is divided by i.
7
Let y = -7 - -56. Calculate the remainder when y is divided by 21.
7
Let d(a) = a**2 - 25*a - 48. Calculate the remainder when 29 is divided by d(27).
5
Let m = 16 + -9. Let j(k) = 2*k - 6. Calculate the remainder when 22 is divided by j(m).
6
Let u(y) = 11*y**2 - 2*y + 1. Let w = 5 + -1. Let s(k) = k. Calculate the remainder when u(1) is divided by s(w).
2
Let p(k) = -k + 3. Let y be p(2). Let z = y + -2. Calculate the remainder when 20 is divided by 10 + (z + -1 - -3).
9
Suppose 20*z - 45 = 15*z. What is the remainder when z is divided by 4?
1
Suppose 0 = -4*x - 30 + 2. Let u(r) = -r**3 - 7*r**2 - r. Calculate the remainder when 12 is divided by u(x).
5
Suppose 2*z + 2*s + 116 = 4*z, -5*s = z - 34. What is the remainder when z is divided by 19?
16
Suppose p = -4*p - 10. Let z(d) = -4*d - 3. Calculate the remainder when 13 is divided by z(p).
3
Suppose 4*m - 246 + 50 = q, -4*q = 5*m - 266. Calculate the remainder when m is divided by 13.
11
Let g = 2 - -2. Let l = 3 - 6. Let k(t) = t**3 + 4*t**2 + 1. Calculate the remainder when k(l) is divided by g.
2
Suppose 5*i - 50 = -15. Suppose -2*f - d = -9, -4*f - 3 = -3*f - 2*d. What is the remainder when i is divided by f?
1
Let o = 37 + -19. Suppose 25 = -2*v + 7*v. What is the remainder when o is divided by v?
3
Suppose 3*o + 6 = 4*o. Let t(w) = w + 5. Suppose -26*i = -23*i - 9. Calculate the remainder when t(o) is divided by i.
2
Let n = 0 - 7. Let s(d) = 10*d**2 - 25*d + 12. Let j(l) = 7*l**2 - 17*l + 8. Let z(i) = n*j(i) + 5*s(i). What is the remainder when 11 is divided by z(6)?
3
Let g(v) = -v**3 - 13*v**2 - v - 6. What is the remainder when 18 is divided by g(-13)?
4
Suppose 4*x = 43 + 1. Let q(g) = 2*g**2 - 7*g - 9. Let i be q(-6). Suppose 2*d + 3*d = i. What is the remainder when d is divided by x?
10
Let d = 10 + 1. What is the remainder when 19 is divided by d?
8
Let v = -243 - -354. Suppose v = 3*p - 36. Calculate the remainder when p is divided by 13.
10
Suppose 8*p - p = 525. What is the remainder when p is divided by 27?
21
Let o = 0 - 2. Let n(j) = 2*j**2 + 2*j + 1. Let m be n(o). Calculate the remainder when 5 is divided by 0/(m - 2) + 3.
2
Calculate the remainder when 3/(-9) - (-2 + (-508)/3) is divided by 29.
26
Suppose -57 = 4*m - 3*n - 10, -4*n - 12 = 0. Let z = m + 20. Calculate the remainder when z is divided by 3.
0
Let d(z) = 14*z**2 - 3*z - 1. What is the remainder when d(-2) is divided by (-6)/(-5)*120/9?
13
Suppose 2*z - 10 - 26 = 0. What is the remainder when 53 is divided by z?
17
Let t(q) = 3*q**2 - 8*q + 4. What is the remainder when t(4) is divided by 7?
6
Let z(j) be the first derivative of -21*j**2/2 - 5*j + 5. Calculate the remainder when z(-2) is divided by 10.
7
Let x = -10 + 10. Suppose -4*b + x*b + 28 = 0. Calculate the remainder when 12 is divided by b.
5
Suppose -2*o + 6 - 14 = 0. What is the remainder when (-49)/o + 3/(-12) is divided by 7?
5
Suppose 0 = d + 3*d + 68. Suppose 2*l + 39 - 133 = -2*t, 4*t - 194 = -l. Calculate the remainder when t is divided by (0 - -2)*d/(-2).
15
Let g be -2*4/8 - -1. Suppose u - 6 - 47 = g. Calculate the remainder when u is divided by 28.
25
Let t = -36 + 12. Suppose -13 - 23 = -g. Let w = t + g. What is the remainder when 45 is divided by w?
9
Let h = 2 + 7. Let u = 23 + -6. Calculate the remainder when u is divided by h.
8
Suppose 0 = 4*w - 5*t - 21, -w - t = 3 - 6. Suppose -w*i + 3 = -5. Calculate the remainder when 2 is divided by i.
0
Suppose -2*u + 4 = -22. Calculate the remainder when 37 is divided by u.
11
Let s(c) = c**2 - 7*c + 12. Let l be s(8). Calculate the remainder when 52/10 - 4/l is divided by 2.
1
Suppose y + 61 = 2*y. Let c = y + -20. What is the remainder when c is divided by 21?
20
Suppose -x + 2*n + 21 = 0, x - 5*n + n - 19 = 0. Let p = 70 - x. What is the remainder when 2/(1 - -1)*p is divided by 16?
15
Suppose -6*o + 360 = -90. What is the remainder when o is divided by 16?
11
Let j be 2/(-1) + (26 - 0). Suppose n - j = -4*i, 2*n = 3*n + 4. What is the remainder when 25 is divided by i?
4
Let r = 93 + -49. Calculate the remainder when r is divided by 15.
14
Suppose 3*j + 60 = -0*j. Let d be j/(-3)*162/(-4). What is the remainder when 5/20 - d/8 is divided by 12?
10
Let q = 41 - 20. Calculate the remainder when 14/(-49) - (-436)/7 is divided by q.
20
Suppose -8*g + 4*g = -228. Suppose 15 = -0*o + o. What is the remainder when g is divided by o?
12
Let m be (-2 - -1)*-3 - -5. Let j = 12 - m. Suppose -n = -j*n + 12. Calculate the remainder when 14 is divided by n.
2
Suppose 78 = 2*y - 0*y. What is the remainder when 28 is divided by (-1)/(-4) - y/(-4)?
8
Let n(i) = i**3 + 7*i**2 + 5*i + 7. Let k be -1 - (7 + -1 + -1). Calculate the remainder when n(k) is divided by (-2)/5 - 0 - 837/(-155).
3
Suppose 4*h = h + 75. Suppose 0 = -n + h + 28. Suppose 0 = 4*u + 5*f - 53 - 24, -2*f + 38 = 2*u. What is the remainder when n is divided by u?
17
Suppose -h + 52 + 50 = 0. Calculate the remainder when h is divided by 35.
32
Let g(p) = -2*p + 1. Let z be g(-1). Let f be 